{"id":63,"date":"2015-04-04T09:49:32","date_gmt":"2015-04-04T09:49:32","guid":{"rendered":"http:\/\/ghislaine-faure.fr\/?page_id=63"},"modified":"2022-11-08T10:04:40","modified_gmt":"2022-11-08T10:04:40","slug":"mes-coordonnees-2","status":"publish","type":"page","link":"https:\/\/ghislaine-faure.fr\/?page_id=63","title":{"rendered":"Mes coordonn\u00e9es"},"content":{"rendered":"<h2 style=\"text-align: left;\"><a href=\"https:\/\/www.facebook.com\/Ghislaine-Faure-Delomel-1448730495343812\/timeline\/\" target=\"_blank\" rel=\"noopener noreferrer\"><img loading=\"lazy\" class=\"size-full wp-image-299 alignright\" src=\"http:\/\/ghislaine-faure.fr\/wp-content\/uploads\/2015\/03\/fb-art-e1443166679795.jpg\" alt=\"fb-art\" width=\"60\" height=\"60\"><\/a><\/h2>\n<p><span style=\"color: #993300;\"><em>Ghislaine FAURE DELOMEL<\/em><\/span><br>\n<span style=\"color: #993300;\"><em> 45 impasse Jean Simon<\/em><\/span><br>\n<span style=\"color: #993300;\"><em> 84200 Carpentras<\/em><\/span><br>\n<strong><em><span style=\"color: #993300;\"> Tel: 06 12 55 78 35<\/span>&nbsp;<\/em><\/strong><\/p>\n<p><span style=\"color: #800080;\"><em>Consultations en prenant rendez-vous&nbsp; soit par t\u00e9l\u00e9phone soit sur doctolib.fr en entrant mon nom et pr\u00e9nom et la localit\u00e9 Carpentras<\/em><\/span><\/p>\n<p><span style=\"color: #008000;\"><em>Vous pouvez me contacter \u00e9galement par mail, je vous r\u00e9pondrai dans les plus brefs d\u00e9lais. <\/em><\/span><\/p>\n<p><span style=\"color: #993300;\"><strong><em>e-mail : ghisl.faure@gmail.com<\/em><\/strong><\/span><\/p>\n<p><iframe style=\"border: 0;\" src=\"https:\/\/www.google.com\/maps\/embed?pb=!1m18!1m12!1m3!1d2867.285656861406!2d5.052804389154412!3d44.05436143153928!2m3!1f0!2f0!3f0!3m2!1i1024!2i768!4f13.1!3m3!1m2!1s0x12b58a04441a671d%3A0x17dcc1c2f4d2b742!2sGhislaine+Faure!5e0!3m2!1sfr!2sfr!4v1442325671890\" width=\"600\" height=\"450\" frameborder=\"0\" allowfullscreen=\"allowfullscreen\"><\/iframe><\/p>\n\n\n<center>\n<a target=\"_blank\" href=\"https:\/\/www.resalib.fr\/praticien\/18148-ghislaine-faure-sophrologue-carpentras\" rel=\"noopener\"><img style=\"box-shadow: 1px 3px 12px #555; border-radius:10px;\" width=\"350\" alt=\"Retrouvez Ghislaine Faure sur Resalib : annuaire, r\u00e9f\u00e9rencement et prise de rendez-vous pour les Sophrologues\" src=\"https:\/\/www.resalib.fr\/app\/images\/generate\/fbk_18148.png\"><\/a>\n<\/center>\n\n","protected":false},"excerpt":{"rendered":"<p>Ghislaine FAURE DELOMEL 45 impasse Jean Simon 84200 Carpentras Tel: 06 12 55 78 35&nbsp; Consultations en prenant rendez-vous&nbsp; soit par t\u00e9l\u00e9phone soit sur doctolib.fr en entrant mon nom et [&hellip;]<\/p>\n","protected":false},"author":1,"featured_media":0,"parent":0,"menu_order":0,"comment_status":"closed","ping_status":"closed","template":"","meta":[],"_links":{"self":[{"href":"https:\/\/ghislaine-faure.fr\/index.php?rest_route=\/wp\/v2\/pages\/63"}],"collection":[{"href":"https:\/\/ghislaine-faure.fr\/index.php?rest_route=\/wp\/v2\/pages"}],"about":[{"href":"https:\/\/ghislaine-faure.fr\/index.php?rest_route=\/wp\/v2\/types\/page"}],"author":[{"embeddable":true,"href":"https:\/\/ghislaine-faure.fr\/index.php?rest_route=\/wp\/v2\/users\/1"}],"replies":[{"embeddable":true,"href":"https:\/\/ghislaine-faure.fr\/index.php?rest_route=%2Fwp%2Fv2%2Fcomments&post=63"}],"version-history":[{"count":16,"href":"https:\/\/ghislaine-faure.fr\/index.php?rest_route=\/wp\/v2\/pages\/63\/revisions"}],"predecessor-version":[{"id":1196,"href":"https:\/\/ghislaine-faure.fr\/index.php?rest_route=\/wp\/v2\/pages\/63\/revisions\/1196"}],"wp:attachment":[{"href":"https:\/\/ghislaine-faure.fr\/index.php?rest_route=%2Fwp%2Fv2%2Fmedia&parent=63"}],"curies":[{"name":"wp","href":"https:\/\/api.w.org\/{rel}","templated":true}]}}