{"id":516,"date":"2017-05-09T10:59:14","date_gmt":"2017-05-09T10:59:14","guid":{"rendered":"http:\/\/ghislaine-faure.fr\/?page_id=516"},"modified":"2021-02-03T20:42:15","modified_gmt":"2021-02-03T20:42:15","slug":"516-2","status":"publish","type":"page","link":"https:\/\/ghislaine-faure.fr\/?page_id=516","title":{"rendered":"La r\u00e9flexologie"},"content":{"rendered":"\n<div class=\"wp-block-image\"><figure class=\"aligncenter size-large\"><a href=\"https:\/\/ghislaine-faure.fr\/wp-content\/uploads\/2021\/01\/pieds.png\"><img loading=\"lazy\" width=\"270\" height=\"198\" src=\"https:\/\/ghislaine-faure.fr\/wp-content\/uploads\/2021\/01\/pieds.png\" alt=\"\" class=\"wp-image-858\"\/><\/a><\/figure><\/div>\n\n\n<p><a href=\"http:\/\/ghislaine-faure.fr\/?page_id=446\"><em><span style=\"color: #800080;\">La r\u00e9flexologie Sud Africaine:<\/span><\/em><\/a><\/p>\n<p><span style=\"color: #993300;\"><em>La r\u00e9flexologie plantaire que je propose, est une r\u00e9flexologie de soin et de confort en m\u00eame temps.<\/em><\/span><\/p>\n<p><span style=\"color: #993300;\"><em>Elle est issue de la r\u00e9flexologie Sud-Africaine dite r\u00e9flexologie douce. Cette technique se caract\u00e9rise par la finesse de son toucher. Elle s&#8217;appuie sur la technique m\u00e9tamorphique qui prend en consid\u00e9ration la dimension symbolique des pieds qui refl\u00e8tent \u00e0 la fois nos racines et nos aspirations.<\/em><\/span><\/p>\n<p><span style=\"color: #800080;\"><em>Par des pressions, reptations, effleurements sur certaines zones r\u00e9flexes du pied, elle va permettre au receveur une d\u00e9tente, un \u00e9tat de relaxation profonde permettant au corps de se lib\u00e9rer des tensions et de retrouver un certain \u00e9quilibre.<\/em><\/span><\/p>\n<p><span style=\"color: #993300;\"><em>En stimulant certaines zones r\u00e9flexes tout en douceur et des points d&#8217;acupuncture, cette\u00a0r\u00e9flexologie va agir en profondeur sur les des\u00e9quilibres \u00e9nerg\u00e9tiqques, les stases et les congestions de l&#8217;organisme.<\/em><\/span><\/p>\n<p><span style=\"color: #008000;\"><em>Ce massage des pieds est synonyme d&#8217;un moment de b\u00e9atitude ,un ilot de calme hors du commun .<\/em><\/span><\/p>\n<p><span style=\"color: #993300;\"><em>Lors du soin, vous vous sentez flotter entre veille et sommeil et ressortirez , l\u00e9ger, le sourire sur les l\u00e8vres en ayant l&#8217;impression d&#8217;avoir des ailes aux pieds. Vous avez pris de la hauteur par rapport au quotidien tout en vous retrouvant stimul\u00e9.<\/em><\/span><\/p>\n<p><span style=\"color: #008000;\"><em>Elle est particuli\u00e8rement recommand\u00e9e pour:<\/em><\/span><\/p>\n<ul>\n<li><span style=\"color: #800080;\"><em>l&#8217;anxi\u00e9t\u00e9\u00a0<\/em><\/span><\/li>\n<li><span style=\"color: #800080;\"><em>le stress<\/em><\/span><\/li>\n<li><span style=\"color: #800080;\"><em>les troubles du sommeil<\/em><\/span><\/li>\n<li><span style=\"color: #800080;\"><em>l&#8217;\u00e9motivit\u00e9 excessive<\/em><\/span><\/li>\n<li><span style=\"color: #800080;\"><em>tous les sympt\u00f4mes d\u00e9coulant d&#8217;une perte de confiance en soi et d&#8217;une incapacit\u00e9 \u00e0 se g\u00e9rer<\/em><\/span><\/li>\n<\/ul>\n\n\n<p><\/p>\n","protected":false},"excerpt":{"rendered":"<p>La r\u00e9flexologie Sud Africaine: La r\u00e9flexologie plantaire que je propose, est une r\u00e9flexologie de soin et de confort en m\u00eame temps. Elle est issue de la r\u00e9flexologie Sud-Africaine dite r\u00e9flexologie [&hellip;]<\/p>\n","protected":false},"author":1,"featured_media":0,"parent":446,"menu_order":0,"comment_status":"closed","ping_status":"closed","template":"","meta":[],"_links":{"self":[{"href":"https:\/\/ghislaine-faure.fr\/index.php?rest_route=\/wp\/v2\/pages\/516"}],"collection":[{"href":"https:\/\/ghislaine-faure.fr\/index.php?rest_route=\/wp\/v2\/pages"}],"about":[{"href":"https:\/\/ghislaine-faure.fr\/index.php?rest_route=\/wp\/v2\/types\/page"}],"author":[{"embeddable":true,"href":"https:\/\/ghislaine-faure.fr\/index.php?rest_route=\/wp\/v2\/users\/1"}],"replies":[{"embeddable":true,"href":"https:\/\/ghislaine-faure.fr\/index.php?rest_route=%2Fwp%2Fv2%2Fcomments&post=516"}],"version-history":[{"count":11,"href":"https:\/\/ghislaine-faure.fr\/index.php?rest_route=\/wp\/v2\/pages\/516\/revisions"}],"predecessor-version":[{"id":1081,"href":"https:\/\/ghislaine-faure.fr\/index.php?rest_route=\/wp\/v2\/pages\/516\/revisions\/1081"}],"up":[{"embeddable":true,"href":"https:\/\/ghislaine-faure.fr\/index.php?rest_route=\/wp\/v2\/pages\/446"}],"wp:attachment":[{"href":"https:\/\/ghislaine-faure.fr\/index.php?rest_route=%2Fwp%2Fv2%2Fmedia&parent=516"}],"curies":[{"name":"wp","href":"https:\/\/api.w.org\/{rel}","templated":true}]}}