{"id":134,"date":"2015-08-04T12:45:04","date_gmt":"2015-08-04T12:45:04","guid":{"rendered":"http:\/\/ghislaine-faure.fr\/?page_id=134"},"modified":"2025-09-13T16:42:51","modified_gmt":"2025-09-13T16:42:51","slug":"tarifs","status":"publish","type":"page","link":"https:\/\/ghislaine-faure.fr\/?page_id=134","title":{"rendered":"Tarifs"},"content":{"rendered":"<h4 style=\"text-align: center;\">\u00a0<em><span style=\"text-decoration: underline; color: #993300;\">MES TARIFS au 1er septembre 2025<\/span><\/em><\/h4>\n<p><span style=\"color: #993366;\">Num\u00e9ro SIRET:32335261700035<\/span><\/p>\n<p><span style=\"color: #008000;\"><em>Certaines mutuelles prennent en charge les consultations dites de m\u00e9decines douces ou alternatives. <\/em><\/span><span style=\"color: #008000;\"><em>La Sophrologie et l&#8217;hypnose en font partie. renseignez-vous aupr\u00e8s d&#8217;elles.<\/em><\/span><\/p>\n<p><em><span style=\"color: #800080;\">Mes s\u00e9ances durent entre 1h30 et 2h00<\/span><\/em><\/p>\n<h5 style=\"text-align: center;\"><span style=\"color: #993300;\"><strong><em>Offre sp\u00e9ciale ETUDIANT CMU RSA: s\u00e9ance 39 \u20ac sophrologie ou hypnose exclusivement<\/em><\/strong><\/span><\/h5>\n<p><em><span style=\"color: #800080;\"><span style=\"text-decoration: underline;\">Adultes<\/span>:<\/span><\/em><\/p>\n<p><span style=\"color: #800080;\"><strong>Soins th\u00e9rapeutiques<\/strong><\/span><\/p>\n<ul>\n<li><em><span style=\"color: #3366ff;\"><span style=\"color: #993300;\">Sophrologie ou hypnose :<\/span> <span style=\"color: #800080;\">55 euros<\/span><\/span><\/em><\/li>\n<li><em><span style=\"color: #0000ff;\"><span style=\"color: #3366ff;\"><span style=\"color: #993300;\">Hypnose spirituelle :<\/span> <span style=\"color: #800080;\">75 euros<\/span> l<span style=\"color: #993300;\">a s\u00e9ance de 2 heur<\/span><\/span><span style=\"color: #993300;\">e<\/span><span style=\"color: #993300;\">s30<\/span><\/span><\/em><\/li>\n<li><em><span style=\"color: #3366ff;\"><span style=\"color: #993300;\">S<\/span><span style=\"color: #993300;\">top tabac une s\u00e9ance:<\/span> <span style=\"color: #800080;\">80 euros<\/span> <span style=\"color: #993300;\">(2h30)<\/span>\u00a0 <span style=\"color: #993300;\">et<\/span> <\/span><span style=\"color: #3366ff;\"><span style=\"color: #800080;\">70 euros<\/span><span style=\"color: #993300;\"> la s\u00e9ance<\/span><\/span><\/em><\/li>\n<li><em><span style=\"color: #3366ff;\"><span style=\"color: #993300;\">perte de poids: 1\u00e8re s\u00e9ance<\/span><span style=\"color: #800080;\"> 55<\/span>\u00a0<span style=\"color: #800080;\">euros<\/span> <span style=\"color: #993300;\">les suivantes:<\/span> <span style=\"color: #800080;\">49<\/span>\u00a0<span style=\"color: #800080;\">euros<\/span><\/span><\/em><\/li>\n<li><em><span style=\"color: #3366ff;\"><span style=\"color: #993300;\">constellations familiales:<\/span> <span style=\"color: #800080;\">65 euros<\/span><\/span><\/em><\/li>\n<\/ul>\n<p><strong><span style=\"color: #800080;\">Reboutement:<\/span><\/strong><\/p>\n<ul>\n<li><em><span style=\"color: #800000;\">Remise en place des structures ost\u00e9o musculaire: <span style=\"color: #800080;\">55 euros<\/span><\/span><\/em><\/li>\n<\/ul>\n<p><span style=\"color: #800080;\"><strong>Energ\u00e9tique:<\/strong><\/span><\/p>\n<ul>\n<li><em><span style=\"color: #993366;\"><span style=\"color: #800000;\">R\u00e9\u00e9quilibrage \u00e9nerg\u00e9tique simple<\/span>:<\/span> <span style=\"color: #800080;\">30 euros<\/span><\/em><\/li>\n<li><span style=\"color: #993366;\"><span style=\"color: #993300;\"><em>Etude de l&#8217;aura, nettoyage et r\u00e9\u00e9quilibrage \u00e9nerg\u00e9tique<\/em><\/span>:<\/span> <em><span style=\"color: #800080;\">75 euros<\/span><\/em><\/li>\n<li><span style=\"color: #993366;\"><em><span style=\"color: #993300;\">Access bars<\/span>: <span style=\"color: #800080;\">70 euros<\/span><\/em><\/span><\/li>\n<li><span style=\"color: #800000;\"><em>Reiki: <span style=\"color: #993366;\">65 euros<\/span><\/em><\/span><\/li>\n<\/ul>\n<p><strong><span style=\"color: #800080;\">Massages th\u00e9rapeutiques<\/span><\/strong><\/p>\n<ul>\n<li><em><span style=\"color: #993300;\">\u00a0Shiatsu d&#8217;harmonisation: <span style=\"color: #993366;\">70 euros<\/span><\/span><\/em><\/li>\n<li><em><span style=\"color: #800000;\">Le massage Amma: (massage assis) <span style=\"color: #993366;\">50 euros<\/span><\/span><\/em><\/li>\n<li><span style=\"color: #800000;\"><em>Shiatsu de soin sur un organe: <span style=\"color: #993366;\">55 euros<\/span><\/em><\/span>\u00a0<\/li>\n<li><em><span style=\"color: #993300;\">r\u00e9flexologie plantaire: <span style=\"color: #993366;\">65 euros<\/span><\/span><\/em><\/li>\n<li><em><span style=\"color: #3366ff;\"><span style=\"color: #993300;\">massage \u00e9nerg\u00e9tique bien-\u00eatre :<\/span> <span style=\"color: #800080;\">70<\/span> <span style=\"color: #800080;\">euros<\/span><\/span><\/em><\/li>\n<li><span style=\"color: #800000;\"><em>Massage Ayurv\u00e9dique:<\/em><\/span> <span style=\"color: #800080;\">70 euros\u00a0 + sudation : 110 euros<\/span><\/li>\n<li><em><span style=\"color: #800000;\">Massage chinois:<\/span> <span style=\"color: #800080;\">70 euros<\/span><\/em><\/li>\n<li><em><span style=\"color: #800000;\">Massage su\u00e9dois:<\/span> <span style=\"color: #800080;\">70 euros<\/span><\/em><\/li>\n<\/ul>\n<p><span style=\"color: #800080;\"><strong>Massage futur maman et massage b\u00e9b\u00e9<\/strong><\/span><\/p>\n<ul>\n<li><span style=\"color: #800000;\"><em>massage futur maman: <span style=\"color: #800080;\">70 euros<\/span><\/em><\/span><\/li>\n<li><span style=\"color: #800000;\"><em>massage b\u00e9b\u00e9: 15 minutes <span style=\"color: #993366;\">35 euros \/ <span style=\"color: #800000;\">30 minutes<\/span>: 45 euros<\/span><\/em><\/span>\u00a0<\/li>\n<\/ul>\n<p><strong><span style=\"color: #800080;\">Massages Bien-Etre:<\/span><\/strong><\/p>\n<ul>\n<li><span style=\"color: #800000;\"><em>Massage californien: <span style=\"color: #800080;\">70 euros<\/span><\/em><\/span><\/li>\n<li><em><span style=\"color: #800000;\">Massage aux pierres chaudes:<\/span> <span style=\"color: #800080;\">70 euros<\/span><\/em><\/li>\n<li><em><span style=\"color: #800000;\">Massage relaxant aux huiles essentielles: <span style=\"color: #800080;\">70 euros<\/span><\/span><\/em><\/li>\n<li><em><span style=\"color: #800000;\">Massage du dos<\/span>: <span style=\"color: #800080;\">50 euros<\/span><\/em><\/li>\n<li><em><span style=\"color: #800000;\">Massage du cou, du haut du dos et du visage:<\/span> <span style=\"color: #800080;\">50 euros<\/span><\/em><\/li>\n<\/ul>\n<p><em><span style=\"color: #008000;\">Enfants et ado jusqu&#8217;\u00e0 16 ans,personnes b\u00e9n\u00e9ficiaires du RSA et de la CMU, \u00e9tudiants uniquement concernant la rubrique &#8220;soins th\u00e9rapeutiques&#8221;:<\/span><\/em><\/p>\n<p><em><span style=\"color: #3366ff;\"><span style=\"color: #800080;\">\u00a0<\/span><span style=\"color: #993300;\">la s\u00e9ance:<\/span> <span style=\"color: #800080;\">39 euros\u00a0\u00a0<\/span><\/span><\/em><\/p>\n<p>\u00a0<\/p>\n<p><span style=\"color: #993300;\"><em><strong>paiement possible: ch\u00e8que, esp\u00e8ces ou carte bancaire<\/strong><\/em><\/span><\/p>\n\n\n<p> <\/p>\n","protected":false},"excerpt":{"rendered":"<p>\u00a0MES TARIFS au 1er septembre 2025 Num\u00e9ro SIRET:32335261700035 Certaines mutuelles prennent en charge les consultations dites de m\u00e9decines douces ou alternatives. La Sophrologie et l&#8217;hypnose en font partie. renseignez-vous aupr\u00e8s [&hellip;]<\/p>\n","protected":false},"author":1,"featured_media":0,"parent":0,"menu_order":0,"comment_status":"closed","ping_status":"open","template":"","meta":[],"_links":{"self":[{"href":"https:\/\/ghislaine-faure.fr\/index.php?rest_route=\/wp\/v2\/pages\/134"}],"collection":[{"href":"https:\/\/ghislaine-faure.fr\/index.php?rest_route=\/wp\/v2\/pages"}],"about":[{"href":"https:\/\/ghislaine-faure.fr\/index.php?rest_route=\/wp\/v2\/types\/page"}],"author":[{"embeddable":true,"href":"https:\/\/ghislaine-faure.fr\/index.php?rest_route=\/wp\/v2\/users\/1"}],"replies":[{"embeddable":true,"href":"https:\/\/ghislaine-faure.fr\/index.php?rest_route=%2Fwp%2Fv2%2Fcomments&post=134"}],"version-history":[{"count":39,"href":"https:\/\/ghislaine-faure.fr\/index.php?rest_route=\/wp\/v2\/pages\/134\/revisions"}],"predecessor-version":[{"id":1302,"href":"https:\/\/ghislaine-faure.fr\/index.php?rest_route=\/wp\/v2\/pages\/134\/revisions\/1302"}],"wp:attachment":[{"href":"https:\/\/ghislaine-faure.fr\/index.php?rest_route=%2Fwp%2Fv2%2Fmedia&parent=134"}],"curies":[{"name":"wp","href":"https:\/\/api.w.org\/{rel}","templated":true}]}}